+ 7. Calculate the remainder when q(-14) is divided by 32.
31
Let b = -16 - -32. Let q = 105 - 59. Calculate the remainder when q is divided by b.
14
Suppose -3*b = -4*n - 103 + 24, -4*b - 2*n + 98 = 0. What is the remainder when b is divided by 9?
7
What is the remainder when 29 is divided by (-210)/(-25) + 6 - 3/(-5)?
14
Let c = -4 + 6. Suppose -4*q + q + 24 = -3*j, c*j = 5*q - 40. What is the remainder when 31 is divided by q?
7
Suppose 78 + 12 = 5*s. Let y(n) = -n**2 - 12*n - 6. What is the remainder when s is divided by y(-11)?
3
Suppose 0 = -3*u - 654 + 3. Let h be u*(0/1 + -1). Suppose r - 119 = -3*i, -5*i + r + 2*r = -h. Calculate the remainder when i is divided by 14.
13
Let o(p) = 22*p - 7. Suppose -3*g = -15, 2*g = 3*w - g - 9. Let u(c) = c**2 - 7*c + 12. Calculate the remainder when o(3) is divided by u(w).
19
Suppose -3*j + 3*v = -300, -j + 0*j = -5*v - 108. Calculate the remainder when j is divided by 20.
18
Let y = 22 - 17. Suppose -21 = 4*r - y*r. Calculate the remainder when 39 is divided by r.
18
Suppose -4*v = 4*r - 12, 0*v + v + 5 = r. Suppose r*a + 6 = -2*w, -w - a - 19 = -3*w. What is the remainder when 2/3*(-342)/(-12) is divided by w?
5
Let o(n) = -n**3 + 0*n + 4*n + 5*n**2 + n - n**2. Let p be o(5). Suppose q + p*q - 31 = 0. Calculate the remainder when q is divided by 11.
9
Let f(p) = -100*p**3 - 2*p**2 - 3*p - 2. Let o be f(-1). Suppose 8*m - o = -19. Let v = 11 + -8. Calculate the remainder when m is divided by v.
1
Suppose 4*k - 3*k = 15. Let d(w) = 2*w**2 + 4*w + 3. Let n be d(-2). Let o = n + 6. What is the remainder when k is divided by o?
6
Suppose -j - 34 = -3*j - 4*u, u = 3. Calculate the remainder when 41 is divided by j.
8
Suppose -4*i - 2*o + 162 = 0, 0 = o - 3. Let x = 26 + -16. What is the remainder when i is divided by x?
9
Calculate the remainder when 92 is divided by (2/(-6))/((-145)/48 + 3).
12
Suppose -z = 42 + 12. Let h = z + 89. Let g(o) = 11*o + 1. What is the remainder when h is divided by g(1)?
11
Suppose -q - z = -6, -2*q + 30 = 3*q - z. Calculate the remainder when 16 is divided by q.
4
Let f(x) = x**3 - 12*x**2 + 3*x - 20. What is the remainder when 77 is divided by f(12)?
13
What is the remainder when 14 is divided by (0 + (-28)/(-35))/(1/5)?
2
Suppose -6*p + 2*p = -152. Suppose 5*x = 2*q - 30 - 0, 3*q - 20 = -5*x. Calculate the remainder when p is divided by q.
8
Let v(w) be the first derivative of -1/3*w**3 - 4*w - 3*w**2 + 1. Calculate the remainder when 10 is divided by v(-4).
2
Let a = -4 + 69. Suppose -a = -w - 10. Calculate the remainder when w is divided by 19.
17
Let p(r) = r + 3. Let f be p(-3). Suppose 0 = m - 3*z - 3, z - 12 = -4*m - f*z. Suppose 7*c - m*c = 152. Calculate the remainder when c is divided by 13.
12
Let j(o) = 6*o - 5. Calculate the remainder when j(3) is divided by 5.
3
What is the remainder when 74 is divided by (-8)/(-36) + 338/18?
17
Let c = 23 + -3. Calculate the remainder when 39 is divided by c.
19
Let n(d) = 63*d**2 - 4*d - 4. Let u(t) = -8946*t**2 + 567*t + 567. Let v(q) = -567*n(q) - 4*u(q). What is the remainder when v(1) is divided by 16?
15
Let i(l) = l**3 - l**2 + l. Let t be i(5). Suppose -2*y = 3*y - t. Calculate the remainder when y is divided by (-1 - 13/(-2))*2.
10
Let s be 5*((-78)/(-15) + -2). Let t(o) = 4*o. Let n be t(6). Suppose -x + n = -s. Calculate the remainder when x is divided by 14.
12
Let q = 20 - 17. Suppose 5*r = -0*r - q*m + 283, 5*r - 3*m = 307. What is the remainder when r is divided by 20?
19
Suppose f + 254 = 3*w, 3*w - 428 = -2*w + 4*f. Let b = -55 + w. Suppose -8 = 4*s, -2*t + 18 = -2*s + s. Calculate the remainder when b is divided by t.
5
Suppose 20*g = 15*g + 65. Calculate the remainder when g is divided by (4/(-6))/(5/(-30)).
1
Let m be 93/(-12) - 3/(-4). What is the remainder when (m/3)/((-8)/192) is divided by (-300)/(-16) + 2/8?
18
What is the remainder when -3*(-2 + (-3)/(-9)) is divided by 4?
1
Let v = -20 + 28. Let a = v - 3. What is the remainder when a is divided by (-3)/(-2)*(8 + -6)?
2
Let i = -162 + 278. Calculate the remainder when i is divided by 13.
12
Let z = -40 + 75. Calculate the remainder when 69 is divided by z.
34
Calculate the remainder when 62 is divided by ((-39)/(-9))/((-1)/(-3)).
10
Let d = -5 + 23. Calculate the remainder when d is divided by 5.
3
Let j = 6 + -14. Calculate the remainder when 9 is divided by j*((-3)/(-6) - 1).
1
Suppose 2*t - t = -2*g + 8, t - 11 = -g. Calculate the remainder when t is divided by 6.
2
Let m = 144 + -103. Calculate the remainder when m is divided by 14.
13
Let j = -34 + 50. Let s = -10 + j. Calculate the remainder when 10 is divided by s.
4
Let k = 4 + -2. Suppose 2*o = -k*o + 52. What is the remainder when o is divided by 2/(2/5) + 2?
6
Let a = 4 - 0. Calculate the remainder when a is divided by 2.
0
Suppose -7*v + 135 = -2*v + 5*j, 4*v + 2*j - 112 = 0. Suppose a = -2*w + v, -3*a - a = 5*w - 116. Calculate the remainder when a is divided by 16.
13
Suppose -3*d - 72 = -3*n, -d - n + 5*n = 27. Let m = -14 - d. Suppose -6 = -3*i + m. Calculate the remainder when i is divided by 4.
1
Let z(y) = 5*y**2 + 5*y - 7. Let p be z(-5). Suppose 80 = 3*d + 5*o, -3*d - 2*o + p = 16. What is the remainder when d is divided by 13?
12
Let a = 69 + -43. Let b = -45 + 73. Suppose 0 = -3*t + a + b. What is the remainder when 34 is divided by t?
16
Suppose 10*r = 5*r + 105. Let v be 60/8*(-5 - -3). Let f = 27 + v. Calculate the remainder when r is divided by f.
9
Let y(i) = 2*i**2 - 7*i - 2. Calculate the remainder when ((-1 - -3) + -4)*-12 is divided by y(5).
11
Let k = 83 - 59. Let n be 1/(-1)*11 + 2. Let j = k + n. Calculate the remainder when 43 is divided by j.
13
Let l be ((-3)/2)/(2/(-4)). Suppose l = -p + 24. Calculate the remainder when p is divided by 12.
9
Suppose 3*w + 11 = 4*s, 10 = 5*w + s - 2*s. Suppose -289 = -w*x - 40. What is the remainder when x is divided by (-7)/(-2*(-2)/(-12))?
20
Suppose 5*h + 5 = -z, -4*z - 5*h = -2*h - 48. Calculate the remainder when ((-138)/15)/((-3)/z) is divided by 16.
14
Calculate the remainder when 27 is divided by 182/12 + 14/(-84).
12
Suppose y - 4*y - 36 = 0. What is the remainder when 7 is divided by 2 + (y/(-2))/3?
3
Let v(l) = 6*l - 4. What is the remainder when (1/((-1)/3) + -75)/(-2) is divided by v(3)?
11
Suppose 0 = -4*l + 5*m - 7, 4 = -6*l + 2*l + 4*m. Suppose -3*g - l*g = -15. Calculate the remainder when 4 is divided by g.
1
Let h(m) = -m**3 - m**2 + m + 4. Let g = 19 + -18. Calculate the remainder when h(0) is divided by (-9)/(-5) + g/5.
0
Let c(j) = 4*j**2 - 8*j + 7. Calculate the remainder when c(6) is divided by 8.
7
Calculate the remainder when 120 is divided by 2*(-15)/(-70) - 428/(-14).
27
Calculate the remainder when ((-21)/6)/((-4)/8) is divided by 2.
1
What is the remainder when 28 is divided by 19 + 0 + -4 + 0?
13
Let o(k) = 2*k - 9 + 2*k**2 + 8 + 0*k**2. Let j be o(3). Let n = j + -16. Calculate the remainder when n is divided by 3.
1
Suppose 4*q - 44 = 4. Calculate the remainder when 59 is divided by q.
11
Let y(a) = a**2 + 26*a - 122. What is the remainder when y(8) is divided by 19?
17
Suppose -5*z - 21 = -4*p, -p + 8 = -5*z - 1. Calculate the remainder when p is divided by 2.
0
Let g = 191 - 118. Let h = -5 - -30. Calculate the remainder when g is divided by h.
23
Let n(v) = -2*v**2 + 4*v - 4. Let s(y) = -5*y**2 + 8*y - 8. Let o(k) = 7*n(k) - 3*s(k). What is the remainder when o(3) is divided by 6?
5
Let t(g) = -g + 33. Let q(z) = -z**2 - 16*z - 14. Let s be q(-14). Calculate the remainder when t(s) is divided by 10.
9
Let k(m) = -m**2 + 12*m - 5. Suppose 3*g - 52 = 4*d, -4*d - 5 = -1. What is the remainder when g is divided by k(11)?
4
Let q be (3 - 2)*-2 + 34. Suppose 0 = -5*u + q + 208. Suppose u = -d + 5*d. Calculate the remainder when 22 is divided by d.
10
Let a be (-43)/(3/24*-2). Suppose a = 4*k - 0*k. What is the remainder when k is divided by 15?
13
Let x be (-5)/(1 - 0)*-1. Suppose -x*h + 60 = b, 3*h + 4*b = 2*b + 36. What is the remainder when 23 is divided by h?
11
Suppose -a + 6*a = 25. Suppose -5*l + 45 - a = 0. Calculate the remainder when 22 is divided by l.
6
Suppose 0 = -3*t + 7*t - 120. Let o = -5 + 21. Calculate the remainder when t is divided by o.
14
Let q(g) = 13*g**2 + g - 1. 